{"id":5,"date":"2018-07-17T17:11:54","date_gmt":"2018-07-17T15:11:54","guid":{"rendered":"http:\/\/minisvetukrtecka.cz\/domains\/minisvetukrtecka.cz\/skolka2\/?page_id=5"},"modified":"2024-08-11T10:09:06","modified_gmt":"2024-08-11T08:09:06","slug":"uvod","status":"publish","type":"page","link":"https:\/\/minisvetukrtecka.cz\/ricany\/","title":{"rendered":"\u00davod"},"content":{"rendered":"\n<p><\/p>\n\n\n\n<p class=\"has-text-align-center has-medium-font-size\"><strong>Kontaktn\u00ed osoba pro jedn\u00e1n\u00ed s rodi\u010di: Stanislav St\u00e1rek, telefon: 727 873 411<\/strong><\/p>\n\n\n\n<p>Za\u0159\u00edzen\u00ed pro d\u011bti v denn\u00edm re\u017eimu. P\u0159ij\u00edm\u00e1me d\u011bti ve v\u011bku od 1-6 let. Tento provoz je spolufinancov\u00e1n z prost\u0159edk\u016f EU. Provozovna se nach\u00e1z\u00ed v \u0158\u00ed\u010danech u Prahy, ulice Husova.<\/p>\n\n\n\n<p><em>Od roku 2016 je na\u0161\u00edm c\u00edlem vytvo\u0159it kvalitn\u00ed, finan\u010dn\u011b dostupnou<\/em><\/p>\n\n\n\n<p><em>a odborn\u011b vedenou d\u011btskou skupinu, kde budou Va\u0161e d\u011bti<\/em><\/p>\n\n\n\n<p><em>spokojen\u00e9 a jejich pobyt u n\u00e1s bude pro n\u011b z\u00e1bavou i p\u0159\u00ednosem,<\/em><\/p>\n\n\n\n<p><em>s c\u00edlem harmonicky rozv\u00edjet jejich osobnosti.<\/em><\/p>\n\n\n\n<p><em>Pil\u00ed\u0159e spolupr\u00e1ce s rodi\u010di zakl\u00e1d\u00e1me na vz\u00e1jemn\u00e9 d\u016fv\u011b\u0159e a otev\u0159enosti k na\u0161\u00ed \u0161kolce rodinn\u00e9ho typu.<\/em><em>NA\u0160E MOTO:<\/em><\/p>\n\n\n\n<p><em>\u201e\u2026\u2026\u2026.ka\u017ed\u00e9 d\u00edt\u011b p\u0159ich\u00e1z\u00ed na sv\u011bt jako bezelstn\u00fd a snadno zraniteln\u00fd tvor, p\u0159ich\u00e1z\u00ed zv\u011bdav\u00e9, v\u0161ete\u010dn\u00e9 a pln\u00e9 nad\u011bje. Ud\u011blejme v\u0161ichni v\u0161echno pro to, aby \u017eivot ka\u017ed\u00e9ho d\u00edt\u011bte na\u0161\u00ed planety byl napln\u011bn jen radost\u00ed a pohodou.&nbsp;<\/em><em>M\u00e1 na to sv\u00e9 pr\u00e1vo.\u201c<\/em><\/p>\n\n\n\n<p><strong><em>Z Charty pr\u00e1v d\u00edt\u011bte<\/em><\/strong><\/p>\n\n\n\n<p><em>Z\u00e1m\u011brem p\u0159ed\u0161koln\u00edho vzd\u011bl\u00e1v\u00e1n\u00ed je rozvoj osobnosti d\u00edt\u011bte po str\u00e1nce fyzick\u00e9, psychick\u00e9, soci\u00e1ln\u00ed a rozvoj jeho vzd\u011bl\u00e1vac\u00edho potenci\u00e1lu,&nbsp;citov\u00fdm postojem v\u016f\u010di ostatn\u00edm lidem, sv\u011btu kolem n\u00e1s, \u010dlov\u011bku a jeho pr\u00e1ci, rodin\u011b, p\u0159\u00edrod\u011b, vlastn\u00edmu zdrav\u00ed, historii a tradic\u00edm.<\/em><\/p>\n\n\n\n<p><em>Rozv\u00edj\u00edme a podporujeme samostatnost d\u00edt\u011bte, zdrav\u00e9 sebev\u011bdom\u00ed, vztah a odpov\u011bdnost k sob\u011b sam\u00e9mu a k druh\u00fdm, zdrav\u00fd \u017eivotn\u00ed styl. Komunikativn\u00ed dovednosti prohlubujeme&nbsp;vyu\u017eit\u00edm kognitivn\u00edho procesu u d\u011bt\u00ed.<\/em><\/p>\n\n\n\n<p><strong><em>Zp\u016fsob a sm\u011br na\u0161eho pedagogick\u00e9ho p\u016fsoben\u00ed:<\/em><\/strong><\/p>\n\n\n\n<ul class=\"wp-block-list\"><li><strong><em>vytvo\u0159it p\u0159\u00edjemn\u00e9 a l\u00e1skypln\u00e9 adapta\u010dn\u00ed prost\u0159ed\u00ed<\/em><\/strong><\/li><li><strong><em>volnou hrou podn\u011bcovat z\u00e1jem d\u011bt\u00ed o pozn\u00e1v\u00e1n\u00ed sv\u011bta<\/em><\/strong><\/li><li><strong><em>ke ka\u017ed\u00e9mu d\u00edt\u011bti si vytv\u00e1\u0159\u00edme individu\u00e1ln\u00ed vztah<\/em><\/strong><\/li><li><strong><em>sna\u017e\u00edme se pe\u010dovat a upev\u0148ovat vztahy mezi pedagogy a rodi\u010di<\/em><\/strong><\/li><li><strong><em>usilujeme o p\u0159\u00edtomnost kvalitn\u00edch a spr\u00e1vn\u00fdch vzor\u016f k n\u00e1podob\u011b<\/em><\/strong><\/li><li><strong><em>vhodn\u00fdm a podn\u011btn\u00fdm prost\u0159ed\u00edm prohlubujeme enviroment\u00e1ln\u00ed c\u00edt\u011bn\u00ed d\u011bt\u00ed<\/em><\/strong><\/li><li><strong><em>d\u016fle\u017eitost rytmu a \u0159\u00e1du ve smyslu orientace, pro\u017e\u00edv\u00e1n\u00ed a pochopen\u00ed souvislost\u00ed jev\u016f<\/em><\/strong><\/li><\/ul>\n","protected":false},"excerpt":{"rendered":"<p>Kontaktn\u00ed osoba pro jedn\u00e1n\u00ed s rodi\u010di: Stanislav St\u00e1rek, telefon: 727 873 411 Za\u0159\u00edzen\u00ed pro d\u011bti v denn\u00edm re\u017eimu. P\u0159ij\u00edm\u00e1me d\u011bti ve v\u011bku od 1-6 let. Tento provoz je spolufinancov\u00e1n z prost\u0159edk\u016f EU. Provozovna se nach\u00e1z\u00ed v \u0158\u00ed\u010danech u Prahy, ulice Husova. Od roku 2016 je na\u0161\u00edm c\u00edlem vytvo\u0159it kvalitn\u00ed, finan\u010dn\u011b dostupnou a odborn\u011b vedenou d\u011btskou [&hellip;]<\/p>\n","protected":false},"author":1,"featured_media":0,"parent":0,"menu_order":0,"comment_status":"closed","ping_status":"closed","template":"titulni_stranka.php","meta":{"footnotes":""},"class_list":["post-5","page","type-page","status-publish","hentry"],"_links":{"self":[{"href":"https:\/\/minisvetukrtecka.cz\/ricany\/wp-json\/wp\/v2\/pages\/5","targetHints":{"allow":["GET"]}}],"collection":[{"href":"https:\/\/minisvetukrtecka.cz\/ricany\/wp-json\/wp\/v2\/pages"}],"about":[{"href":"https:\/\/minisvetukrtecka.cz\/ricany\/wp-json\/wp\/v2\/types\/page"}],"author":[{"embeddable":true,"href":"https:\/\/minisvetukrtecka.cz\/ricany\/wp-json\/wp\/v2\/users\/1"}],"replies":[{"embeddable":true,"href":"https:\/\/minisvetukrtecka.cz\/ricany\/wp-json\/wp\/v2\/comments?post=5"}],"version-history":[{"count":54,"href":"https:\/\/minisvetukrtecka.cz\/ricany\/wp-json\/wp\/v2\/pages\/5\/revisions"}],"predecessor-version":[{"id":1442,"href":"https:\/\/minisvetukrtecka.cz\/ricany\/wp-json\/wp\/v2\/pages\/5\/revisions\/1442"}],"wp:attachment":[{"href":"https:\/\/minisvetukrtecka.cz\/ricany\/wp-json\/wp\/v2\/media?parent=5"}],"curies":[{"name":"wp","href":"https:\/\/api.w.org\/{rel}","templated":true}]}}

Úvod

<p></p>



<p class="has-text-align-center has-medium-font-size"><strong>Kontaktní osoba pro jednání s rodiči: Stanislav Stárek, telefon: 727 873 411</strong></p>



<p>Zařízení pro děti v denním režimu. Přijímáme děti ve věku od 1-6 let. Tento provoz je spolufinancován z prostředků EU. Provozovna se nachází v Říčanech u Prahy, ulice Husova.</p>



<p><em>Od roku 2016 je naším cílem vytvořit kvalitní, finančně dostupnou</em></p>



<p><em>a odborně vedenou dětskou skupinu, kde budou Vaše děti</em></p>



<p><em>spokojené a jejich pobyt u nás bude pro ně zábavou i přínosem,</em></p>



<p><em>s cílem harmonicky rozvíjet jejich osobnosti.</em></p>



<p><em>Pilíře spolupráce s rodiči zakládáme na vzájemné důvěře a otevřenosti k naší školce rodinného typu.</em><em>NAŠE MOTO:</em></p>



<p><em>„……….každé dítě přichází na svět jako bezelstný a snadno zranitelný tvor, přichází zvědavé, všetečné a plné naděje. Udělejme všichni všechno pro to, aby život každého dítěte naší planety byl naplněn jen radostí a pohodou.&nbsp;</em><em>Má na to své právo.“</em></p>



<p><strong><em>Z Charty práv dítěte</em></strong></p>



<p><em>Záměrem předškolního vzdělávání je rozvoj osobnosti dítěte po stránce fyzické, psychické, sociální a rozvoj jeho vzdělávacího potenciálu,&nbsp;citovým postojem vůči ostatním lidem, světu kolem nás, člověku a jeho práci, rodině, přírodě, vlastnímu zdraví, historii a tradicím.</em></p>



<p><em>Rozvíjíme a podporujeme samostatnost dítěte, zdravé sebevědomí, vztah a odpovědnost k sobě samému a k druhým, zdravý životní styl. Komunikativní dovednosti prohlubujeme&nbsp;využitím kognitivního procesu u dětí.</em></p>



<p><strong><em>Způsob a směr našeho pedagogického působení:</em></strong></p>



<ul class="wp-block-list"><li><strong><em>vytvořit příjemné a láskyplné adaptační prostředí</em></strong></li><li><strong><em>volnou hrou podněcovat zájem dětí o poznávání světa</em></strong></li><li><strong><em>ke každému dítěti si vytváříme individuální vztah</em></strong></li><li><strong><em>snažíme se pečovat a upevňovat vztahy mezi pedagogy a rodiči</em></strong></li><li><strong><em>usilujeme o přítomnost kvalitních a správných vzorů k nápodobě</em></strong></li><li><strong><em>vhodným a podnětným prostředím prohlubujeme enviromentální cítění dětí</em></strong></li><li><strong><em>důležitost rytmu a řádu ve smyslu orientace, prožívání a pochopení souvislostí jevů</em></strong></li></ul>

<p>Kontaktní osoba pro jednání s rodiči: Stanislav Stárek, telefon: 727 873 411 Zařízení pro děti v denním režimu. Přijímáme děti ve věku od 1-6 let. Tento provoz je spolufinancován z prostředků EU. Provozovna se nachází v Říčanech u Prahy, ulice Husova. Od roku 2016 je naším cílem vytvořit kvalitní, finančně dostupnou a odborně vedenou dětskou [&hellip;]</p>
