{"id":29,"date":"2018-07-17T20:55:34","date_gmt":"2018-07-17T18:55:34","guid":{"rendered":"http:\/\/minisvetukrtecka.cz\/domains\/minisvetukrtecka.cz\/chyne\/?page_id=29"},"modified":"2026-04-29T22:41:08","modified_gmt":"2026-04-29T20:41:08","slug":"jidelni-listek","status":"publish","type":"page","link":"https:\/\/minisvetukrtecka.cz\/krenice\/jidelni-listek\/","title":{"rendered":"J\u00eddeln\u00ed l\u00edstek"},"content":{"rendered":"<p><strong><span style=\"color: #ff6600;\">04.05<\/span><\/strong><strong><span style=\"color: #ff6600;\">.2026 &#8211; Pond\u011bl\u00ed<\/span><\/strong><\/p>\n<div>\n<div>1. sva\u010dinka: kn\u00e4ckebrot, \u017eerv\u00e9, jablko, ml\u00e9ko, \u010daj \u2013 01, 07, 11<\/div>\n<div>2. ob\u011bd: pol\u00e9vka: frankfurtsk\u00e1<\/div>\n<div>buchti\u010dky s vanilkov\u00fdm kr\u00e9mem, ovoce \u2013 01, 03, 06, 07, 09<\/div>\n<div>3. p\u0159esn\u00edd\u00e1vka: veka, vaj\u00ed\u010dkov\u00e1 pomaz\u00e1nka, okurka, \u010daj \u2013 01, 03, 07, 10<\/div>\n<\/div>\n<p><strong style=\"font-size: revert; color: initial;\"><span style=\"color: #ff6600;\">05.05<\/span><\/strong><strong style=\"font-size: revert; color: initial;\"><span style=\"color: #ff6600;\">.2026 &#8211; \u00dater\u00fd<\/span><\/strong><\/p>\n<div>\n<div>1. sva\u010dinka: chl\u00e9b se s\u00fdrem, raj\u010de, ml\u00e9ko, \u010daj \u2013 01, 07<\/div>\n<div>2. ob\u011bd: pol\u00e9vka: ku\u0159ec\u00ed s t\u011bstovinou<\/div>\n<div>vep\u0159ov\u00fd kotlet, r\u00fd\u017ee \u2013 01, 03, 07, 09<\/div>\n<div>3. p\u0159esn\u00edd\u00e1vka: cere\u00e1lie s ml\u00e9kem, ban\u00e1n, \u010daj \u2013 0, 07<\/div>\n<\/div>\n<p><strong style=\"font-size: revert; color: initial;\"><span style=\"color: #ff6600;\">06.05.2026 &#8211; St\u0159eda<\/span><\/strong><\/p>\n<div>\n<div>1. sva\u010dinka: kuku\u0159i\u010dn\u00fd pl\u00e1tek, lu\u010dina, mandarinka, ml\u00e9ko, \u010daj \u2013 01, 07<\/div>\n<div>2. ob\u011bd: pol\u00e9vka: \u010do\u010dkov\u00e1<\/div>\n<div>francouzsk\u00e9 brambory, \u010derven\u00e1 \u0159epa \u2013 01, 03, 07<\/div>\n<div>3. p\u0159esn\u00edd\u00e1vka: toust se \u0161unkou a s\u00fdrem, paprika, \u010daj \u2013 01, 07<\/div>\n<\/div>\n<p><strong style=\"font-size: revert; color: initial;\"><span style=\"color: #ff6600;\">07<\/span><\/strong><strong style=\"font-size: revert; color: initial;\"><span style=\"color: #ff6600;\">.05.2026 &#8211; \u010ctvrtek<\/span><\/strong><\/p>\n<div>\n<div>1. sva\u010dinka: chl\u00e9b s marmel\u00e1dou, hru\u0161ka, \u010daj \u2013 01, 07 <br \/>2. ob\u011bd: pol\u00e9vka: vlo\u010dkov\u00e1 <br \/>obalovan\u00e1 treska, bramborov\u00e1 ka\u0161e, okurkov\u00fd sal\u00e1t \u2013 01, 03, 04, 07, 09 <br \/>3. p\u0159esn\u00edd\u00e1vka: r\u00fd\u017eov\u00fd pl\u00e1tek, pomaz\u00e1nkov\u00e9 m\u00e1slo, kedlubna, ml\u00e9ko, \u010daj \u2013 01, 07<\/div>\n<div>\u00a0<\/div>\n<\/div>\n<p><strong style=\"font-size: revert; color: initial;\"><span style=\"color: #ff6600;\">08.05.2026 &#8211; P\u00e1tek<\/span><\/strong><\/p>\n<div>\n<div>ST\u00c1TN\u00cd SV\u00c1TEK<\/div>\n<\/div>\n<p><span style=\"font-size: inherit;\">V\u0161echny alergeny naleznete zde: <\/span><span style=\"color: #ffffff;\"><a style=\"color: #ffffff;\" href=\"http:\/\/minisvetukrtecka.cz\/chyne\/wp-content\/uploads\/sites\/5\/2018\/10\/alergeny.pdf\">alergeny<\/a><\/span><\/p>\n\n\n<p><\/p>\n","protected":false},"excerpt":{"rendered":"<p>04.05.2026 &#8211; Pond\u011bl\u00ed 1. sva\u010dinka: kn\u00e4ckebrot, \u017eerv\u00e9, jablko, ml\u00e9ko, \u010daj \u2013 01, 07, 11 2. ob\u011bd: pol\u00e9vka: frankfurtsk\u00e1 buchti\u010dky s vanilkov\u00fdm kr\u00e9mem, ovoce \u2013 01, 03, 06, 07, 09 3. p\u0159esn\u00edd\u00e1vka: veka, vaj\u00ed\u010dkov\u00e1 pomaz\u00e1nka, okurka, \u010daj \u2013 01, 03, 07, 10 05.05.2026 &#8211; \u00dater\u00fd 1. sva\u010dinka: chl\u00e9b se s\u00fdrem, raj\u010de, ml\u00e9ko, \u010daj \u2013 01, 07 [&hellip;]<\/p>\n","protected":false},"author":1,"featured_media":0,"parent":0,"menu_order":0,"comment_status":"closed","ping_status":"closed","template":"","meta":{"footnotes":""},"class_list":["post-29","page","type-page","status-publish","hentry"],"_links":{"self":[{"href":"https:\/\/minisvetukrtecka.cz\/krenice\/wp-json\/wp\/v2\/pages\/29","targetHints":{"allow":["GET"]}}],"collection":[{"href":"https:\/\/minisvetukrtecka.cz\/krenice\/wp-json\/wp\/v2\/pages"}],"about":[{"href":"https:\/\/minisvetukrtecka.cz\/krenice\/wp-json\/wp\/v2\/types\/page"}],"author":[{"embeddable":true,"href":"https:\/\/minisvetukrtecka.cz\/krenice\/wp-json\/wp\/v2\/users\/1"}],"replies":[{"embeddable":true,"href":"https:\/\/minisvetukrtecka.cz\/krenice\/wp-json\/wp\/v2\/comments?post=29"}],"version-history":[{"count":409,"href":"https:\/\/minisvetukrtecka.cz\/krenice\/wp-json\/wp\/v2\/pages\/29\/revisions"}],"predecessor-version":[{"id":1716,"href":"https:\/\/minisvetukrtecka.cz\/krenice\/wp-json\/wp\/v2\/pages\/29\/revisions\/1716"}],"wp:attachment":[{"href":"https:\/\/minisvetukrtecka.cz\/krenice\/wp-json\/wp\/v2\/media?parent=29"}],"curies":[{"name":"wp","href":"https:\/\/api.w.org\/{rel}","templated":true}]}}

Jídelní lístek

<p><strong><span style="color: #ff6600;">04.05</span></strong><strong><span style="color: #ff6600;">.2026 &#8211; Pondělí</span></strong></p>
<div>
<div>1. svačinka: knäckebrot, žervé, jablko, mléko, čaj – 01, 07, 11</div>
<div>2. oběd: polévka: frankfurtská</div>
<div>buchtičky s vanilkovým krémem, ovoce – 01, 03, 06, 07, 09</div>
<div>3. přesnídávka: veka, vajíčková pomazánka, okurka, čaj – 01, 03, 07, 10</div>
</div>
<p><strong style="font-size: revert; color: initial;"><span style="color: #ff6600;">05.05</span></strong><strong style="font-size: revert; color: initial;"><span style="color: #ff6600;">.2026 &#8211; Úterý</span></strong></p>
<div>
<div>1. svačinka: chléb se sýrem, rajče, mléko, čaj – 01, 07</div>
<div>2. oběd: polévka: kuřecí s těstovinou</div>
<div>vepřový kotlet, rýže – 01, 03, 07, 09</div>
<div>3. přesnídávka: cereálie s mlékem, banán, čaj – 0, 07</div>
</div>
<p><strong style="font-size: revert; color: initial;"><span style="color: #ff6600;">06.05.2026 &#8211; Středa</span></strong></p>
<div>
<div>1. svačinka: kukuřičný plátek, lučina, mandarinka, mléko, čaj – 01, 07</div>
<div>2. oběd: polévka: čočková</div>
<div>francouzské brambory, červená řepa – 01, 03, 07</div>
<div>3. přesnídávka: toust se šunkou a sýrem, paprika, čaj – 01, 07</div>
</div>
<p><strong style="font-size: revert; color: initial;"><span style="color: #ff6600;">07</span></strong><strong style="font-size: revert; color: initial;"><span style="color: #ff6600;">.05.2026 &#8211; Čtvrtek</span></strong></p>
<div>
<div>1. svačinka: chléb s marmeládou, hruška, čaj – 01, 07 <br />2. oběd: polévka: vločková <br />obalovaná treska, bramborová kaše, okurkový salát – 01, 03, 04, 07, 09 <br />3. přesnídávka: rýžový plátek, pomazánkové máslo, kedlubna, mléko, čaj – 01, 07</div>
<div> </div>
</div>
<p><strong style="font-size: revert; color: initial;"><span style="color: #ff6600;">08.05.2026 &#8211; Pátek</span></strong></p>
<div>
<div>STÁTNÍ SVÁTEK</div>
</div>
<p><span style="font-size: inherit;">Všechny alergeny naleznete zde: </span><span style="color: #ffffff;"><a style="color: #ffffff;" href="http://minisvetukrtecka.cz/chyne/wp-content/uploads/sites/5/2018/10/alergeny.pdf">alergeny</a></span></p>


<p></p>

<p>04.05.2026 &#8211; Pondělí 1. svačinka: knäckebrot, žervé, jablko, mléko, čaj – 01, 07, 11 2. oběd: polévka: frankfurtská buchtičky s vanilkovým krémem, ovoce – 01, 03, 06, 07, 09 3. přesnídávka: veka, vajíčková pomazánka, okurka, čaj – 01, 03, 07, 10 05.05.2026 &#8211; Úterý 1. svačinka: chléb se sýrem, rajče, mléko, čaj – 01, 07 [&hellip;]</p>
