{"id":26,"date":"2018-07-17T20:55:12","date_gmt":"2018-07-17T18:55:12","guid":{"rendered":"http:\/\/minisvetukrtecka.cz\/domains\/minisvetukrtecka.cz\/chyne\/?page_id=26"},"modified":"2025-11-09T14:59:35","modified_gmt":"2025-11-09T13:59:35","slug":"informace","status":"publish","type":"page","link":"https:\/\/minisvetukrtecka.cz\/krenice\/informace\/","title":{"rendered":"Informace"},"content":{"rendered":"<p><strong><span style=\"color: #ff6600;\">Zapojen\u00ed v projektech:<\/span><\/strong><\/p>\n<ul>\n<li>Ekologie v M\u0160, recyklohran\u00ed<\/li>\n<li>Barevn\u00e9 dny<\/li>\n<li>\u010cte d\u011btem<\/li>\n<li>\u017divot bez&#8230;<\/li>\n<\/ul>\n<p><strong><span style=\"color: #ff6600;\">B\u011bhem \u0161koln\u00edho roku jsou pro d\u011bti p\u0159ipravov\u00e1ny akce:<\/span><\/strong><\/p>\n<ul>\n<li>Zamyk\u00e1n\u00ed a odemyk\u00e1n\u00ed zahrady<\/li>\n<li>Nad\u00edlka Mikul\u00e1\u0161e a v\u00e1no\u010dn\u00ed posezen\u00ed<\/li>\n<li>Pr\u016fvod t\u0159\u00edkr\u00e1lov\u00fd<\/li>\n<li>Masopust<\/li>\n<li>Velikono\u010dn\u00ed d\u00edlna d\u011bt\u00ed<\/li>\n<li>Oslavujeme Den d\u011bt\u00ed<\/li>\n<li>Bezplatn\u00e9 z\u00e1jmov\u00e9 krou\u017eky v odpoledn\u00edch hodin\u00e1ch<\/li>\n<li>Po\u0159\u00e1d\u00e1me v\u00fdlety<\/li>\n<li>Na konci roku se slavnostn\u011b lou\u010d\u00edme se \u0161kol\u00e1ky<\/li>\n<li>Dny narozenin a sv\u00e1tk\u016f na\u0161ich d\u011bt\u00ed jsou prov\u00e1zeny oslavou ve \u0161kolce<\/li>\n<li>Divadla, hasi\u010di, policie, zdravotn\u00edci a dal\u0161\u00ed n\u00e1v\u0161t\u011bvy, kter\u00e9 za n\u00e1mi jezd\u00ed do \u0161kolky<\/li>\n<li>Medv\u00eddkova nemocnice<\/li>\n<\/ul>\n<p><strong><span style=\"color: #ff6600;\">\u010casov\u00fd rozvrh dne:<\/span><\/strong><\/p>\n<p>Re\u017eim dne je voln\u00fd, vych\u00e1z\u00ed z pot\u0159eb d\u00edt\u011bte. Dodr\u017eujeme z\u00e1sady du\u0161evn\u00ed hygieny, biorytmy, posuzujeme re\u017eim dne jako v\u00fdchovn\u00fd prost\u0159edek.<\/p>\n<ul>\n<li>07:00 &#8211; 08.30hod: p\u0159\u00edchod d\u011bt\u00ed \u2013 voln\u00e9 hry, individu\u00e1ln\u00ed pr\u00e1ce s d\u011btmi, skupinov\u00e1 pr\u00e1ce<\/li>\n<li>08:30 &#8211; 08.45 hod: rann\u00ed cvi\u010den\u00ed, hygiena<\/li>\n<li>08.45 &#8211; 09.00 hod: p\u0159esn\u00edd\u00e1vka<\/li>\n<li>09.00 &#8211; 09.45 hod: \u0159\u00edzen\u00e1 \u010dinnost<\/li>\n<li>09.45 &#8211; 11.30 hod: pobyt venku<\/li>\n<li>11.30 &#8211; 12.30 hod: hygiena, ob\u011bd, p\u0159\u00edprava na poledn\u00ed klid<\/li>\n<li>12.30 &#8211; 14.30 hod: poledn\u00ed klid, pr\u00e1ce s p\u0159ed\u0161kol\u00e1ky<\/li>\n<li>14.30 &#8211; 15.00 hod: hygiena, sva\u010dina<\/li>\n<li>15.00 &#8211; 17.00 hod: z\u00e1jmov\u00e9 \u010dinnosti \u2013 individu\u00e1ln\u00ed pr\u00e1ce s d\u011btmi, za p\u0159\u00edzniv\u00e9ho po\u010das\u00ed pobyt venku<\/li>\n<\/ul>\n<p><strong><span style=\"color: #ff6600;\">Co d\u00edt\u011b pot\u0159ebuje p\u0159i vstupu do M\u0160:<\/span><\/strong><\/p>\n<p>Ofocenou karti\u010dku zdravotn\u00ed poji\u0161\u0165ovny. L\u00e1tkov\u00fd pytel na ram\u00ednku obsahuj\u00edc\u00ed n\u00e1hradn\u00ed oble\u010den\u00ed: spodn\u00ed pr\u00e1dlo, tri\u010dko, tepl\u00e1ky, pono\u017eky, pun\u010doch\u00e1\u010de.<\/p>\n<p>Do t\u0159\u00eddy: P\u0159ez\u016fvky s pevnou patou (ne pantofle), tepl\u00e1ky, leginy, hrac\u00ed kalhoty, tri\u010dko (je lep\u0161\u00ed ne\u017e ko\u0161ile na knofl\u00edky), v zim\u011b posta\u010d\u00ed pun\u010doch\u00e1\u010de \u2013 snadn\u011bj\u0161\u00ed obl\u00e9k\u00e1n\u00ed na vych\u00e1zku. Ru\u010dn\u00edk, kart\u00e1\u010dek na zuby, kel\u00edmek.<\/p>\n<p>Na pobyt venku: PROS\u00cdME V\u00c1S, P\u0158IZP\u016eSOBTE OBLE\u010cEN\u00cd POBYTU NA ZAHRAD\u011a. Star\u0161\u00ed oble\u010den\u00ed, tepl\u00e1kov\u00e1 souprava, z hygienick\u00fdch d\u016fvod\u016f nem\u016f\u017ee d\u00edt\u011b pou\u017e\u00edt stejn\u00e9 oble\u010den\u00ed do t\u0159\u00eddy, vybavte Va\u0161eho potomka kapesn\u00edkem, kter\u00fd mu vlo\u017e\u00edte do kapsy, l\u00e9pe pap\u00edrov\u00e1 forma.<\/p>\n<p>Na odpo\u010dinek: Py\u017eamko nebo no\u010dn\u00ed ko\u0161ile s na\u0161it\u00fdm poutkem opat\u0159en\u00fdm tak\u00e9 p\u0159\u00edjmen\u00edm.<\/p>\n<p><strong><span style=\"color: #ff6600;\">Nadstandartn\u00ed aktivity:<\/span><br \/>\n<\/strong><\/p>\n<ul>\n<li>Angli\u010dtina pro nejmen\u0161\u00ed<\/li>\n<li>Tane\u010dn\u00ed hry<\/li>\n<li>Hry s pad\u00e1kem<\/li>\n<li>Cvi\u010den\u00ed na overballech<\/li>\n<li>D\u011btsk\u00e1 joga<\/li>\n<li>Zp\u00edv\u00e1nky<\/li>\n<li>Tvo\u0159iv\u00e1 d\u00edlna<\/li>\n<li>Va\u0159en\u00ed s d\u011btmi<\/li>\n<\/ul>\n","protected":false},"excerpt":{"rendered":"<p>Zapojen\u00ed v projektech: Ekologie v M\u0160, recyklohran\u00ed Barevn\u00e9 dny \u010cte d\u011btem \u017divot bez&#8230; B\u011bhem \u0161koln\u00edho roku jsou pro d\u011bti p\u0159ipravov\u00e1ny akce: Zamyk\u00e1n\u00ed a odemyk\u00e1n\u00ed zahrady Nad\u00edlka Mikul\u00e1\u0161e a v\u00e1no\u010dn\u00ed posezen\u00ed Pr\u016fvod t\u0159\u00edkr\u00e1lov\u00fd Masopust Velikono\u010dn\u00ed d\u00edlna d\u011bt\u00ed Oslavujeme Den d\u011bt\u00ed Bezplatn\u00e9 z\u00e1jmov\u00e9 krou\u017eky v odpoledn\u00edch hodin\u00e1ch Po\u0159\u00e1d\u00e1me v\u00fdlety Na konci roku se slavnostn\u011b lou\u010d\u00edme se \u0161kol\u00e1ky [&hellip;]<\/p>\n","protected":false},"author":1,"featured_media":0,"parent":0,"menu_order":0,"comment_status":"closed","ping_status":"closed","template":"","meta":{"footnotes":""},"class_list":["post-26","page","type-page","status-publish","hentry"],"_links":{"self":[{"href":"https:\/\/minisvetukrtecka.cz\/krenice\/wp-json\/wp\/v2\/pages\/26","targetHints":{"allow":["GET"]}}],"collection":[{"href":"https:\/\/minisvetukrtecka.cz\/krenice\/wp-json\/wp\/v2\/pages"}],"about":[{"href":"https:\/\/minisvetukrtecka.cz\/krenice\/wp-json\/wp\/v2\/types\/page"}],"author":[{"embeddable":true,"href":"https:\/\/minisvetukrtecka.cz\/krenice\/wp-json\/wp\/v2\/users\/1"}],"replies":[{"embeddable":true,"href":"https:\/\/minisvetukrtecka.cz\/krenice\/wp-json\/wp\/v2\/comments?post=26"}],"version-history":[{"count":5,"href":"https:\/\/minisvetukrtecka.cz\/krenice\/wp-json\/wp\/v2\/pages\/26\/revisions"}],"predecessor-version":[{"id":1614,"href":"https:\/\/minisvetukrtecka.cz\/krenice\/wp-json\/wp\/v2\/pages\/26\/revisions\/1614"}],"wp:attachment":[{"href":"https:\/\/minisvetukrtecka.cz\/krenice\/wp-json\/wp\/v2\/media?parent=26"}],"curies":[{"name":"wp","href":"https:\/\/api.w.org\/{rel}","templated":true}]}}

<p><strong><span style="color: #ff6600;">Zapojení v projektech:</span></strong></p>
<ul>
<li>Ekologie v MŠ, recyklohraní</li>
<li>Barevné dny</li>
<li>Čte dětem</li>
<li>Život bez&#8230;</li>
</ul>
<p><strong><span style="color: #ff6600;">Během školního roku jsou pro děti připravovány akce:</span></strong></p>
<ul>
<li>Zamykání a odemykání zahrady</li>
<li>Nadílka Mikuláše a vánoční posezení</li>
<li>Průvod tříkrálový</li>
<li>Masopust</li>
<li>Velikonoční dílna dětí</li>
<li>Oslavujeme Den dětí</li>
<li>Bezplatné zájmové kroužky v odpoledních hodinách</li>
<li>Pořádáme výlety</li>
<li>Na konci roku se slavnostně loučíme se školáky</li>
<li>Dny narozenin a svátků našich dětí jsou provázeny oslavou ve školce</li>
<li>Divadla, hasiči, policie, zdravotníci a další návštěvy, které za námi jezdí do školky</li>
<li>Medvídkova nemocnice</li>
</ul>
<p><strong><span style="color: #ff6600;">Časový rozvrh dne:</span></strong></p>
<p>Režim dne je volný, vychází z potřeb dítěte. Dodržujeme zásady duševní hygieny, biorytmy, posuzujeme režim dne jako výchovný prostředek.</p>
<ul>
<li>07:00 &#8211; 08.30hod: příchod dětí – volné hry, individuální práce s dětmi, skupinová práce</li>
<li>08:30 &#8211; 08.45 hod: ranní cvičení, hygiena</li>
<li>08.45 &#8211; 09.00 hod: přesnídávka</li>
<li>09.00 &#8211; 09.45 hod: řízená činnost</li>
<li>09.45 &#8211; 11.30 hod: pobyt venku</li>
<li>11.30 &#8211; 12.30 hod: hygiena, oběd, příprava na polední klid</li>
<li>12.30 &#8211; 14.30 hod: polední klid, práce s předškoláky</li>
<li>14.30 &#8211; 15.00 hod: hygiena, svačina</li>
<li>15.00 &#8211; 17.00 hod: zájmové činnosti – individuální práce s dětmi, za příznivého počasí pobyt venku</li>
</ul>
<p><strong><span style="color: #ff6600;">Co dítě potřebuje při vstupu do MŠ:</span></strong></p>
<p>Ofocenou kartičku zdravotní pojišťovny. Látkový pytel na ramínku obsahující náhradní oblečení: spodní prádlo, tričko, tepláky, ponožky, punčocháče.</p>
<p>Do třídy: Přezůvky s pevnou patou (ne pantofle), tepláky, leginy, hrací kalhoty, tričko (je lepší než košile na knoflíky), v zimě postačí punčocháče – snadnější oblékání na vycházku. Ručník, kartáček na zuby, kelímek.</p>
<p>Na pobyt venku: PROSÍME VÁS, PŘIZPŮSOBTE OBLEČENÍ POBYTU NA ZAHRADĚ. Starší oblečení, tepláková souprava, z hygienických důvodů nemůže dítě použít stejné oblečení do třídy, vybavte Vašeho potomka kapesníkem, který mu vložíte do kapsy, lépe papírová forma.</p>
<p>Na odpočinek: Pyžamko nebo noční košile s našitým poutkem opatřeným také příjmením.</p>
<p><strong><span style="color: #ff6600;">Nadstandartní aktivity:</span><br />
</strong></p>
<ul>
<li>Angličtina pro nejmenší</li>
<li>Taneční hry</li>
<li>Hry s padákem</li>
<li>Cvičení na overballech</li>
<li>Dětská joga</li>
<li>Zpívánky</li>
<li>Tvořivá dílna</li>
<li>Vaření s dětmi</li>
</ul>

<p>Zapojení v projektech: Ekologie v MŠ, recyklohraní Barevné dny Čte dětem Život bez&#8230; Během školního roku jsou pro děti připravovány akce: Zamykání a odemykání zahrady Nadílka Mikuláše a vánoční posezení Průvod tříkrálový Masopust Velikonoční dílna dětí Oslavujeme Den dětí Bezplatné zájmové kroužky v odpoledních hodinách Pořádáme výlety Na konci roku se slavnostně loučíme se školáky [&hellip;]</p>
