{"id":24,"date":"2018-07-17T20:55:04","date_gmt":"2018-07-17T18:55:04","guid":{"rendered":"http:\/\/minisvetukrtecka.cz\/domains\/minisvetukrtecka.cz\/chyne\/?page_id=24"},"modified":"2026-01-04T08:58:10","modified_gmt":"2026-01-04T07:58:10","slug":"cenik","status":"publish","type":"page","link":"https:\/\/minisvetukrtecka.cz\/krenice\/cenik\/","title":{"rendered":"Cen\u00edk"},"content":{"rendered":"<p>&#8211; Dotovan\u00e9 \u0161koln\u00e9 a stravn\u00e9 je poskytnuto pouze za spln\u011bn\u00fdch podm\u00ednek MPSV, podm\u00ednky naleznete v provozn\u00edch \u0159\u00e1dech, viz. <strong><span style=\"color: #ffffff;\"><a style=\"color: #ffffff;\" href=\"https:\/\/minisvetukrtecka.cz\/krenice\/wp-content\/uploads\/sites\/5\/2026\/01\/Provozni-rad-MUSK-III-2025-2026-MPSV-1.doc\">Provozni-rad-MUSK-III-2025-2026-MPSV-1<\/a><\/span><\/strong><\/p>\n\n\n<p><\/p>\n","protected":false},"excerpt":{"rendered":"<p>&#8211; Dotovan\u00e9 \u0161koln\u00e9 a stravn\u00e9 je poskytnuto pouze za spln\u011bn\u00fdch podm\u00ednek MPSV, podm\u00ednky naleznete v provozn\u00edch \u0159\u00e1dech, viz. Provozni-rad-MUSK-III-2025-2026-MPSV-1<\/p>\n","protected":false},"author":1,"featured_media":0,"parent":0,"menu_order":0,"comment_status":"closed","ping_status":"closed","template":"","meta":{"footnotes":""},"class_list":["post-24","page","type-page","status-publish","hentry"],"_links":{"self":[{"href":"https:\/\/minisvetukrtecka.cz\/krenice\/wp-json\/wp\/v2\/pages\/24","targetHints":{"allow":["GET"]}}],"collection":[{"href":"https:\/\/minisvetukrtecka.cz\/krenice\/wp-json\/wp\/v2\/pages"}],"about":[{"href":"https:\/\/minisvetukrtecka.cz\/krenice\/wp-json\/wp\/v2\/types\/page"}],"author":[{"embeddable":true,"href":"https:\/\/minisvetukrtecka.cz\/krenice\/wp-json\/wp\/v2\/users\/1"}],"replies":[{"embeddable":true,"href":"https:\/\/minisvetukrtecka.cz\/krenice\/wp-json\/wp\/v2\/comments?post=24"}],"version-history":[{"count":27,"href":"https:\/\/minisvetukrtecka.cz\/krenice\/wp-json\/wp\/v2\/pages\/24\/revisions"}],"predecessor-version":[{"id":1664,"href":"https:\/\/minisvetukrtecka.cz\/krenice\/wp-json\/wp\/v2\/pages\/24\/revisions\/1664"}],"wp:attachment":[{"href":"https:\/\/minisvetukrtecka.cz\/krenice\/wp-json\/wp\/v2\/media?parent=24"}],"curies":[{"name":"wp","href":"https:\/\/api.w.org\/{rel}","templated":true}]}}

Ceník

<p>&#8211; Dotované školné a stravné je poskytnuto pouze za splněných podmínek MPSV, podmínky naleznete v provozních řádech, viz. <strong><span style="color: #ffffff;"><a style="color: #ffffff;" href="https://minisvetukrtecka.cz/krenice/wp-content/uploads/sites/5/2026/01/Provozni-rad-MUSK-III-2025-2026-MPSV-1.doc">Provozni-rad-MUSK-III-2025-2026-MPSV-1</a></span></strong></p>


<p></p>

<p>&#8211; Dotované školné a stravné je poskytnuto pouze za splněných podmínek MPSV, podmínky naleznete v provozních řádech, viz. Provozni-rad-MUSK-III-2025-2026-MPSV-1</p>
